-3*g + 9 = u, g + 2*g - h = -2*u. What is y(g)?
-1
Suppose 0 = h + 3*z + 13, -2*z + z - 6 = 2*h. Let j(x) = -5*x + 4 + 0*x - 3. What is j(h)?
6
Let n = 8 + -13. Let r = -2 - n. Let v(w) = 2*w - 4. Calculate v(r).
2
Suppose -16*g = -20*g + 12. Let d(f) = f**3 - 4*f**2 + 2*f + 3. Calculate d(g).
0
Suppose -2*z - 2*z = -8. Let l(d) = 4*d - 5*d + z*d. Calculate l(5).
5
Let x = -4 + 4. Let g(y) = y**3. Calculate g(x).
0
Suppose -5*o + 2 + 3 = 0. Let z be 3/(-12) + o/4. Let k(w) = 4*w**2 - 10*w - 19. Let s(u) = -3*u**2 + 7*u + 13. Let v(l) = 5*k(l) + 7*s(l). Give v(z).
-4
Let d(f) be the third derivative of f**4/24 + f**3/6 + 4*f**2. Calculate d(-4).
-3
Let m = 6 + -3. Let x(g) = -5 + m + g + 0. Calculate x(4).
2
Let i(n) be the first derivative of 5/2*n**2 + 1 - 1/3*n**3 + 2*n. Let w = -8 + 13. Determine i(w).
2
Let v(l) = -3*l - 8. Let n(i) = -5*i - 12. Let w(h) = 5*n(h) - 8*v(h). Determine w(0).
4
Let z = 96 + -93. Let n(i) = -i - 2. Calculate n(z).
-5
Let s(i) be the first derivative of -i**4/4 - i**3 + 5*i**2/2 - 3*i + 1. Let o be 6/(-2) + (-2)/2. What is s(o)?
-7
Suppose -x + 15 = 4*x. Let s = x - 4. Let g(q) be the second derivative of q**5/4 - q**3/6 - q. Calculate g(s).
-4
Suppose 10 = -4*p - 2. Let g(j) = -1 + 10*j + j**3 - 7*j + 4*j**2 + 1 - 2. Calculate g(p).
-2
Suppose 7 - 1 = 3*w. Let u = 1 - w. Let z(l) = -9*l**2 + 2*l + 2. Let m(p) = -9*p**2 + 3*p + 3. Let v(y) = -2*m(y) + 3*z(y). Give v(u).
-9
Let i(u) be the third derivative of u**4/24 + u**3/2 - 2*u**2. Let v(s) = 2*s**2 + 1. Let j be v(-1). Suppose -5*d = -j*x + 22, x = -d - 5 - 1. What is i(d)?
-2
Suppose -2*w = p - 14, -19 = -3*p - 2*w + 35. Suppose -p = -0*a - 5*a. Let m(t) = t**3 - 5*t**2 + 4*t - 1. Give m(a).
-1
Let s(q) = -38*q**2 - 3*q + 39*q**2 + 6*q - 5. Determine s(-5).
5
Let v(l) = l**2 - 4*l - 3. Suppose 5*y + 0*t + t - 20 = 0, 16 = 4*y - t. Calculate v(y).
-3
Let v(z) be the second derivative of -z + 0 - 1/6*z**4 - 1/120*z**5 + 0*z**3 + 0*z**2 - 1/90*z**6. Let n(j) be the third derivative of v(j). What is n(1)?
-9
Let r(a) = a**2 - 26*a + 6. Let s(p) = -3*p + p - 3*p + 1. Let c(j) = -2*r(j) + 11*s(j). Determine c(-2).
-3
Suppose 0 = 17*m - 10*m - 49. Let h(f) = -2*f + 4. What is h(m)?
-10
Let j(g) be the third derivative of g**7/2520 - g**6/720 - g**5/30 - g**4/24 - 4*g**2. Let c(m) be the second derivative of j(m). Calculate c(0).
-4
Let j(i) = -i + 0*i - 2 + 4*i + 1. Let g(s) = -s**2 - 4*s + 2. Let k be g(-4). Let y be (-2)/(2 + (-2 - k)). Give j(y).
2
Suppose -4 = -8*v + 4*v - 2*q, 0 = 2*q + 4. Let a(m) be the third derivative of -3*m**v + 1/24*m**4 + 0 - 4/3*m**3 + 0*m. Calculate a(0).
-8
Let g(s) = 2*s - 6. Let r be (-1)/2*20/(-2). Let o be g(r). Let q(n) = -2 + 3*n + 4*n**2 - 1 - 6*n**2 + n**2. What is q(o)?
-7
Let l(c) = c**3 - 4*c. Let t(u) = u**3 + u**2 - 3*u + 1. Let h(o) = 4*l(o) - 5*t(o). Calculate h(-4).
-17
Let w(h) = 3*h**2 + h + 5. Let y(n) = -4*n**2 - n - 7. Let d(r) = -7*w(r) - 5*y(r). What is d(-2)?
0
Let j(c) be the first derivative of c**2 + 5*c - 3. Suppose -z = 0, -1 = v - z + 4. Determine j(v).
-5
Let i(n) = -1. Let c(z) be the third derivative of -z**6/120 + z**5/60 - z**4/24 - z**3 + 2*z**2. Let x(m) = -c(m) + 5*i(m). Let v = 3 + -1. Give x(v).
7
Let c = 17 + -13. Let t(q) be the third derivative of 0 + 1/6*q**3 + 1/24*q**c + 0*q + q**2. What is t(0)?
1
Suppose 3*n + 2 = s, -4*s - 2*n - 38 = -s. Let t = s + 12. Let m(y) = -2*y**3 + 2*y**2 + 3*y - 3. What is m(t)?
-5
Let n(p) = -p**2 - 5*p + 6. Let r be n(-6). Let t(c) = -445*c + 10 + 222*c + 222*c - 3*c**2 + 4*c**2. Determine t(r).
10
Let h(w) = -8 + 0 + 3 + w. Calculate h(0).
-5
Let b(k) = -21*k + 5. Let f(g) = -5*g + 1. Let w = -9 - 0. Let c(m) = w*f(m) + 2*b(m). Suppose v + 2 = 3*v. Calculate c(v).
4
Let w(o) = o**2 - 5*o + 4. Let y = 7 + -7. Suppose -2*d - 4*z + 28 = y, -d + 2*z + 3*z - 21 = 0. Give w(d).
0
Let b(j) = 4*j**3 - j**2 + 3*j + 1. Let o(n) = 5*n**3 + 4*n + n**3 - n**3 + 1 - n**2. Let i(m) = -3*b(m) + 2*o(m). Determine i(-1).
3
Let r(y) = y**2 + 3*y - 3. Suppose -3*l + 16 = 5*u, -4*l - 2*u + 18 = 3*u. What is r(l)?
7
Let v(b) = -3*b**3 + 11*b**2 + 8*b + 3. Let z(u) = u**3 - u**2 - u - 1. Let j(p) = -v(p) - 4*z(p). Give j(-6).
-11
Let t(f) be the third derivative of -1/12*f**4 + 0*f + 1/120*f**6 + 0 + 1/15*f**5 - 2*f**2 - 2/3*f**3. Let x(v) = v - 8. Let a be x(4). Calculate t(a).
4
Let h(c) = c**3 + 6*c**2 + 5*c + 4. Let p(i) = i**2 - 3*i + 1. Let k be p(1). Let u be (-75)/k*1/3. Suppose -2*b = -5*a + u, -8 = 5*b - 4*b - a. Determine h(b).
4
Let d(s) = 5*s + 4. Let f(v) = -1. Let u(w) = d(w) + 4*f(w). Determine u(2).
10
Let b(t) = 0*t + t + 4*t + 2 + 0*t**2 - t**2. What is b(3)?
8
Let m(j) be the third derivative of j**5/60 - 5*j**4/24 + j**3/2 - 4*j**2. What is m(3)?
-3
Let d(t) = -t**2 + 2*t. Let r = -13 + 15. Calculate d(r).
0
Let p be ((-2)/(-3))/((-4)/6). Let d(v) be the first derivative of -7*v**3/3 + v**2 + v - 1. Determine d(p).
-8
Let l(k) be the first derivative of k**4/4 + 2*k**3/3 - k**2 - 4*k + 21. Suppose 3*i = -2*u - 18, -20 = 7*i - 2*i. Calculate l(u).
-7
Let z = -4 + 6. Suppose 4*c - 4*m = -9*m - 10, 4 = -2*m. Let q(t) = c*t - z + 11 + t. Give q(0).
9
Let t(p) = -p**3 - 6*p**2 - 2. Let d be t(-6). Let m(k) = -5*k. Give m(d).
10
Let m(g) = 3*g + 1. Let j(r) = r. Let y(b) = -7*j(b) + 2*m(b). Let o be y(0). Let p(f) = 2*f - 3*f - o - 1 + 0. Give p(-3).
0
Let s(b) be the second derivative of -b**6/360 - b**5/24 + b**4/6 - b**3/2 + 6*b. Let n(k) be the second derivative of s(k). Give n(-6).
-2
Let q be 4/(-14) - 57/21. Let p = q + 4. Let m be 3 - p*(-1)/1. Let z(a) = -a**2 + 6*a - 5. Give z(m).
3
Let z(v) = v + 4. Suppose 6*l - 30 - 114 = 0. Let q = -31 + l. Calculate z(q).
-3
Let r(g) be the first derivative of -g**2/2 - 2*g + 1. Let t be ((-10)/4 - -3)*6. Suppose d - t = -1. What is r(d)?
-4
Let o(n) be the second derivative of n**5/20 - n**4/2 + n**3/2 - 3*n**2/2 - 4*n. Calculate o(6).
15
Let w(h) be the first derivative of -h**4/12 + h**3/2 + 2*h**2 - 3*h + 1. Let z(m) be the first derivative of w(m). Determine z(3).
4
Let x(b) = -5*b**3 + 2*b**2 - 6*b + 9. Let i(o) = -10 - 3*o**2 - 4*o**2 + 4*o**3 + 2*o**3 + 7*o + 4*o**2. Let n(f) = 6*i(f) + 7*x(f). What is n(3)?
-6
Let y(c) be the first derivative of -c**2 - 4*c + 166. Let o(h) = h**2 - 6*h - 3. Let a be o(6). Give y(a).
2
Suppose -q = -3 + 4. Let f(d) = d**2 - d + 1. Let t(v) = -v + 2. Let w(p) = f(p) - t(p). Calculate w(q).
0
Let h = 2 + -4. Let s be ((-21)/9 - h)*-15. Let g(d) = -4 + 0*d + 7*d - s*d. Calculate g(4).
4
Let m(l) = -4*l**3 - 9*l**2 - 3*l - 6. Let d(u) = 5*u**3 + 10*u**2 + 3*u + 6. Let v(z) = -3*d(z) - 4*m(z). Determine v(-6).
-12
Let l be (-1)/(-2*(-3)/(-102)). Suppose 0 = -2*t + 5*d + l + 10, 5*d = t - 26. Let v(m) = -5*m**3 + m**2 - 1. Give v(t).
-5
Let y(o) be the third derivative of o**4/24 + o**3/2 + 34*o**2. Calculate y(-8).
-5
Let b = -7 + 12. Suppose b*f = l + l - 5, 4*f + 4*l = -32. Let d(u) be the third derivative of u**4/12 - u**3/6 - 12*u**2. Calculate d(f).
-7
Let m(t) = -55*t - 1 - 57*t + 4 + 110*t. Let v be (-30)/(-7) + 4/(-14). Calculate m(v).
-5
Suppose 3 = -3*n + 3*j - 0, -10 = n + 2*j. Let m(a) = -a**3 - 3*a**2 + 5*a + 1. Calculate m(n).
-3
Let k(m) = -m**2 + 2. Let q be (0 + 2)*1/1. Suppose l = 4*h + 1, -h = l + l - q. Suppose h = -5*s + 20, d + 4*s - 4 = 12. Give k(d).
2
Let m(v) = -v - 5. Let a(g) = -g - 4. Let o be a(-7). Suppose o*y = -3*r + 18, -5*y - 4*r + 15 = -19. Suppose i + i + y = 0. Give m(i).
0
Suppose 0*t = t - 6. Let x(j) = -j + 9. Determine x(t).
3
Let z(j) = -j**2 - 11*j - 10. Let g(n) = -2*n**2 - 21*n - 20. Let b(m) = -3*g(m) + 5*z(m). Determine b(-7).
3
Suppose 3*t = -3, 2*a - 4*t = -4 - 2. Let m(b) = -4*b + 2*b**2 + b**2 + 5 - 4*b**2. What is m(a)?
0
Let x(q) = 7*q - 1. Let k be x(1). Let v(i) = -1 + 4*i + 5 - k*i. Determine v(5).
-6
Let a(t) = -2*t. Let b(l) = -2*l + 1. Let f(y) = 4*a(y) - 6*b(y). Let v(u) = -5*u + 7. Let q(n) = -4*f(n) - 3*v(n). Calculate q(3).
0
Let a(q) = -2*q - 2. Let x(y) = -y + 9. Let z(h) = -5*h + 35. Let o(u) = 9*x(u) - 2*z(u). Let r be o(-6). Suppose 23 = -r*f + 3. What is a(f)?
6
Let s(z) = -z**2 + 7*z + 1. Let m be s(7). Let v(j) = -5*j + 1. Determine v(m).
-4
Let b(d) = d**2 - 5*d - 7. Let q be b(5). Suppose w = -5*t + 